{"id":312,"date":"2021-06-07T14:29:03","date_gmt":"2021-06-07T14:29:03","guid":{"rendered":"https:\/\/hotelarlecchino.it\/hotel\/?page_id=312"},"modified":"2026-01-30T10:46:22","modified_gmt":"2026-01-30T10:46:22","slug":"listino-prezzi","status":"publish","type":"page","link":"https:\/\/hotelarlecchino.it\/hotel\/listino-prezzi\/","title":{"rendered":"LISTINO PREZZI STAGIONE ESTIVA 2026"},"content":{"rendered":"<p>La nostra struttura, aperta tutto l\u2019anno, proporr\u00e0 esclusivamente il trattamento di <strong>pernottamento e prima colazione<\/strong> (B&amp;B), ideale per garantire ai nostri ospiti maggiore libert\u00e0 e comfort durante il soggiorno.<\/p>\n<p>Il <strong>servizio spiaggia \u00e8 incluso<\/strong> nella tariffa, per offrirle una vacanza ancora pi\u00f9 rilassante.<\/p>\n<p>Per info e richieste inerenti il LISTINO PREZZI, potete contattarci ai seguenti recapiti:<\/p>\n<ul>\n<li>Telefono: 0735 85635<\/li>\n<li>Whatsapp: 333 1015238<\/li>\n<li>Email: info@hotelarlecchino.it<\/li>\n<\/ul>\n<p>Il nostro personale sar\u00e0 ben lieto di fornirvi tutte le informazioni.<\/p>\n<p><strong>Miglior prezzo garantito.\u00a0<\/strong><\/p>\n<p>&nbsp;<\/p>\n<p><i>\u00a0<\/i><\/p>\n<p>&nbsp;<\/p>\n<p>&nbsp;<\/p>\n<p>&nbsp;<\/p>\n<p>&nbsp;<\/p>\n<p>&nbsp;<\/p>\n<p>&nbsp;<\/p>\n","protected":false},"excerpt":{"rendered":"<p>La nostra struttura, aperta tutto l\u2019anno, proporr\u00e0 esclusivamente il trattamento di pernottamento e prima colazione (B&amp;B), ideale per garantire ai nostri ospiti maggiore libert\u00e0 e comfort durante il soggiorno. Il servizio spiaggia \u00e8 incluso nella tariffa, per offrirle una vacanza ancora pi\u00f9 rilassante. Per info e richieste inerenti il LISTINO PREZZI, potete contattarci ai seguenti recapiti: Telefono: 0735 85635 Whatsapp: 333 1015238 Email: info@hotelarlecchino.it Il nostro personale sar\u00e0 ben lieto di fornirvi tutte le informazioni. Miglior prezzo garantito.\u00a0 &nbsp; \u00a0 &nbsp; &nbsp; &nbsp; &nbsp; &nbsp; &nbsp;<\/p>\n","protected":false},"author":1,"featured_media":353,"parent":0,"menu_order":0,"comment_status":"closed","ping_status":"closed","template":"","meta":[],"_links":{"self":[{"href":"https:\/\/hotelarlecchino.it\/hotel\/wp-json\/wp\/v2\/pages\/312"}],"collection":[{"href":"https:\/\/hotelarlecchino.it\/hotel\/wp-json\/wp\/v2\/pages"}],"about":[{"href":"https:\/\/hotelarlecchino.it\/hotel\/wp-json\/wp\/v2\/types\/page"}],"author":[{"embeddable":true,"href":"https:\/\/hotelarlecchino.it\/hotel\/wp-json\/wp\/v2\/users\/1"}],"replies":[{"embeddable":true,"href":"https:\/\/hotelarlecchino.it\/hotel\/wp-json\/wp\/v2\/comments?post=312"}],"version-history":[{"count":22,"href":"https:\/\/hotelarlecchino.it\/hotel\/wp-json\/wp\/v2\/pages\/312\/revisions"}],"predecessor-version":[{"id":552,"href":"https:\/\/hotelarlecchino.it\/hotel\/wp-json\/wp\/v2\/pages\/312\/revisions\/552"}],"wp:featuredmedia":[{"embeddable":true,"href":"https:\/\/hotelarlecchino.it\/hotel\/wp-json\/wp\/v2\/media\/353"}],"wp:attachment":[{"href":"https:\/\/hotelarlecchino.it\/hotel\/wp-json\/wp\/v2\/media?parent=312"}],"curies":[{"name":"wp","href":"https:\/\/api.w.org\/{rel}","templated":true}]}}