{"id":32,"date":"2019-03-04T09:32:18","date_gmt":"2019-03-04T09:32:18","guid":{"rendered":"https:\/\/hotelarlecchino.it\/hotel\/?page_id=32"},"modified":"2026-01-22T17:07:26","modified_gmt":"2026-01-22T17:07:26","slug":"hotel-san-benedetto-del-tronto","status":"publish","type":"page","link":"https:\/\/hotelarlecchino.it\/hotel\/hotel-san-benedetto-del-tronto\/","title":{"rendered":"HOTEL"},"content":{"rendered":"<p><strong>L\u2019Hotel Arlecchino 3 stelle Superior,\u00a0<\/strong>pu\u00f2 vantare una posizione strategica, sul lungomare di San Benedetto del Tronto, in <strong>prima fila mare<\/strong>, a due passi dal centro e non distante dalla stazione ferroviaria.<\/p>\n<p>L&#8217;attenzione al dettaglio e la cura del cliente \u00e8 dimostrata anche dalla <strong>totale<\/strong> <strong>accessibilit\u00e0 alle persone con disabilit\u00e0<\/strong>, non sono presenti ostacoli o barriere.<\/p>\n<p>La<strong> reception aperta H24<\/strong> \u00e8 un valore aggiunto che rende il soggiorno ancor pi\u00f9 piacevole e sicuro.<\/p>\n<p>Le nostre tariffe includono il <strong>solo pernottamento<\/strong> (only room).<br \/>\n<em>Abbiamo il piacere di offrire una piccola colazione ai nostri graditi ospiti<\/em>.<\/p>\n<p>Nel periodo estivo \u00e8 attivo il servizio Spiaggia.<\/p>\n<p>Sar\u00e0 inoltre utilizzabile <strong>gratuitamente<\/strong> per i nostri clienti il <strong>Solarium con vasca idromassaggio Jacuzzi <\/strong>con una meravigliosa vista mare panoramica, unica nell&#8217;intera Riviera Adriatica.<\/p>\n<p><strong>Tutte le nostre camere sono dotate di: <\/strong><\/p>\n<ul>\n<li>Bagno privato<\/li>\n<li>Aria condizionata e riscaldamento autonomo<\/li>\n<li>Connessione Wi-Fi gratuita<\/li>\n<li><strong>Servizio SKY incluso<\/strong> (eccezion fatta per le tipologie standard)<\/li>\n<li>TV LCD satellitare(32\u2033 \u2013 40\u2033)<\/li>\n<li>Mini-bar<\/li>\n<li>Linea di cortesia<\/li>\n<\/ul>\n","protected":false},"excerpt":{"rendered":"<p>L\u2019Hotel Arlecchino 3 stelle Superior,\u00a0pu\u00f2 vantare una posizione strategica, sul lungomare di San Benedetto del Tronto, in prima fila mare, a due passi dal centro e non distante dalla stazione ferroviaria. L&#8217;attenzione al dettaglio e la cura del cliente \u00e8 dimostrata anche dalla totale accessibilit\u00e0 alle persone con disabilit\u00e0, non sono presenti ostacoli o barriere. La reception aperta H24 \u00e8 un valore aggiunto che rende il soggiorno ancor pi\u00f9 piacevole e sicuro. Le nostre tariffe includono il solo pernottamento (only room). Abbiamo il piacere di offrire una piccola colazione ai nostri graditi ospiti. Nel periodo estivo \u00e8 attivo il servizio Spiaggia. Sar\u00e0 inoltre utilizzabile gratuitamente per i nostri clienti il Solarium con vasca idromassaggio Jacuzzi con una meravigliosa vista mare&#8230; <\/p>\n","protected":false},"author":1,"featured_media":28,"parent":0,"menu_order":0,"comment_status":"closed","ping_status":"closed","template":"","meta":[],"_links":{"self":[{"href":"https:\/\/hotelarlecchino.it\/hotel\/wp-json\/wp\/v2\/pages\/32"}],"collection":[{"href":"https:\/\/hotelarlecchino.it\/hotel\/wp-json\/wp\/v2\/pages"}],"about":[{"href":"https:\/\/hotelarlecchino.it\/hotel\/wp-json\/wp\/v2\/types\/page"}],"author":[{"embeddable":true,"href":"https:\/\/hotelarlecchino.it\/hotel\/wp-json\/wp\/v2\/users\/1"}],"replies":[{"embeddable":true,"href":"https:\/\/hotelarlecchino.it\/hotel\/wp-json\/wp\/v2\/comments?post=32"}],"version-history":[{"count":9,"href":"https:\/\/hotelarlecchino.it\/hotel\/wp-json\/wp\/v2\/pages\/32\/revisions"}],"predecessor-version":[{"id":550,"href":"https:\/\/hotelarlecchino.it\/hotel\/wp-json\/wp\/v2\/pages\/32\/revisions\/550"}],"wp:featuredmedia":[{"embeddable":true,"href":"https:\/\/hotelarlecchino.it\/hotel\/wp-json\/wp\/v2\/media\/28"}],"wp:attachment":[{"href":"https:\/\/hotelarlecchino.it\/hotel\/wp-json\/wp\/v2\/media?parent=32"}],"curies":[{"name":"wp","href":"https:\/\/api.w.org\/{rel}","templated":true}]}}